+ 169*i + 177*i. Let f = -7 - 0. Let g(z) = z**3 + 3*z**2 + 3*z - 1. Let d(y) = f*g(y) - 2*j(y). What is d(2)?
-15
Suppose -5*p = -z - 8 - 8, -p = 5*z + 28. Let i(f) = f**2 - f + 2. Calculate i(z).
44
Let k be (-11 + (-203)/(-21))*9/2. Let g(s) = -s**3 - 6*s**2 + 2*s - 3. Give g(k).
-15
Let n(r) = -r**3 - 3*r**2 + 6*r - 3. Suppose 0 = -3*s - 7*s - 810. Let c = s - -76. Determine n(c).
17
Let m be (9/5)/(39/(-130)). Let j(t) = -2*t - 18. Give j(m).
-6
Let y(p) = -3*p - 15. Let h be y(-5). Suppose 4*b + 4*b + 32 = h. Let s(z) = -z - 4. Calculate s(b).
0
Let j = 87 - 84. Let t(f) be the second derivative of 0 - 5/12*f**4 - 3*f - 3/2*f**2 + 1/20*f**5 + 0*f**j. What is t(5)?
-3
Let q(l) = l**3 + 7*l**2 + l + 8. Let a(n) = n**3 - 2*n**2 - n - 7. Let i be a(0). Let x be q(i). Let c(o) = -7*o**2 + o. Calculate c(x).
-6
Let f(w) be the first derivative of -5*w**4/4 - w**3/3 + w**2 - 72. Calculate f(-2).
32
Let l(a) = -a**2 - 4*a - 3. Let r(k) = 2*k**2 + 7*k + 6. Let y be -9 - -2 - -3 - (1 - 3). Let u(f) = y*r(f) - 5*l(f). Let j = -5 - -2. Calculate u(j).
-6
Let p(w) = 1 - 24*w + 12*w + 15*w + 2*w + 11. Calculate p(0).
12
Let b(q) be the second derivative of -q**3/3 - 5*q**2/2 - 5*q + 3. Calculate b(-3).
1
Let d(i) = -16 + 36 + 5474*i**2 - i - 5462*i**2 - i**3. Determine d(12).
8
Let n(y) = 13*y + 28*y - 53*y + 11*y + 7. Give n(5).
2
Let c(p) = p**3 + 16*p**2 + 15*p + 12. Let t be c(-15). Let i = 15 - t. Let h(w) = -i*w - 4*w + w**3 - 3 + 3*w - 3*w**2. Give h(4).
-3
Suppose -3*b - 1 = -y + 3, y + 4 = -5*b. Let l(g) = -6*g**2 - 8*g - 12. Let v(a) = -3*a**2 - 3*a - 5. Let z(w) = 2*l(w) - 5*v(w). Determine z(y).
3
Let z(f) be the first derivative of -2*f**2 - 1/3*f**3 - 15 + 3*f. Calculate z(2).
-9
Let w(d) = 7*d**3 + d**2. Let l(y) = -3*y**2 + y + 3. Let g be l(1). Give w(g).
8
Let s be (-40)/70 + 46/7. Let y(x) = -7 - 5 - x**2 + 6*x + 3. Give y(s).
-9
Let d(w) be the second derivative of -1/20*w**5 + 1/6*w**4 - 12*w - 1/2*w**2 + 1/2*w**3 + 0. What is d(3)?
-1
Let x(i) = 4*i**2 - 4*i - 1. Let v(o) = -8*o**2 + 3*o + 1. Let s(n) = -n**2. Let p(g) = 4*s(g) - v(g). Let f(y) = -6*p(y) + 5*x(y). Give f(-2).
-11
Let d(c) = -c**2 - 6*c + 6. Let v = 285 - 290. Give d(v).
11
Let s(z) be the second derivative of -6*z + 0 - 1/3*z**3 + 1/2*z**2. Suppose -3*w - l = 17, -2*l - 2 = -w - w. Calculate s(w).
9
Suppose 2*n + 2 = 0, 5 = -3*v + 6*v + n. Suppose v*d = 4 - 8. Let i(u) = -u + 2*u**2 - 2*u + 1 + 5*u. Determine i(d).
5
Let q(o) = o + 2*o - 4*o + 2*o. Let s(p) = p**2 + 8*p + 6. Let j be s(-7). Determine q(j).
-1
Suppose 8*j = 11*j - 18. Let t(n) = -n**3 + 7*n**2 - 5*n - 2. Determine t(j).
4
Suppose -2*p = -5 - 7. Let u(g) be the first derivative of 5/3*g**3 + 4*g**2 - 1/4*g**4 - 9*g + 8. Give u(p).
3
Let c(g) = -1 + 15*g**3 - 6*g**3 + 13*g**3 - 3*g**3 + g**2. Let z(q) = -8*q - 167. Let p be z(-21). Determine c(p).
19
Let y = -13 + 15. Let t(f) = -5*f**y - 7*f - 4 - 1 + 3*f**3 + 0 - 4*f**3. Let a = -2 + -2. Calculate t(a).
7
Let o(c) be the first derivative of c**4/4 - c**3/3 - c**2 - 38. Determine o(-3).
-30
Let u(l) be the second derivative of l**6/720 - l**5/40 + 7*l**4/12 - 9*l. Let v(n) be the third derivative of u(n). Determine v(6).
3
Let j(f) = f**3 + 9*f**2 - 2*f - 13. Let l be j(-9). Suppose -d = -4*p - p + 13, l*p = 3*d + 9. Suppose d*t = 5*t. Let r(u) = -u + 14. Determine r(t).
14
Let k(j) = -j**2 + j + 2. Let v be k(-2). Let y(n) = 33 + 30 - 96 - n + 31. Give y(v).
2
Let u be (3/4)/((-16)/(-64)). Let g(n) = 3 - 1 - 2*n - u + 2. Determine g(-1).
3
Let w(n) be the first derivative of -n**7/840 - n**6/72 - n**5/40 + n**4/12 - 7*n**3/3 - 3. Let u(p) be the third derivative of w(p). Calculate u(-4).
-2
Let b(c) be the third derivative of -c**5/60 + 5*c**4/24 + c**3/3 + 13*c**2 - 5. Let d = 9 - 6. Determine b(d).
8
Suppose -q + 2*y - 11 = -2, -3*q + y - 2 = 0. Let c = q + 3. Suppose 2*x - c + 12 = 0. Let l(b) = -b**3 - 4*b**2 + 2*b + 2. Determine l(x).
-6
Suppose z + 0 = 2. Let x be ((-5)/(-10))/(-1)*0/z. Let t(o) = o + 3. Give t(x).
3
Let u be -16*1/6*(-6)/8. Let y(x) = -x**3 + 3*x**2 + 6*x - 6. Let d be y(4). Let v(g) = -2 - 3*g - d*g - g + u*g. What is v(-3)?
10
Let b(q) = q**3 + 11*q**2 + q + 12. Suppose 15*p + 2*m = 12*p - 35, 59 = -5*p - 4*m. Give b(p).
1
Let p(o) = -o**3 + 5*o**2 + 2*o - 9. Let g(y) = 2*y - 19. Let v be g(12). Let h be p(v). Let x(r) be the first derivative of r**2 + r + 1. Calculate x(h).
3
Suppose -2*m + f = -4*m + 1, 0 = f + 5. Let z(g) = 1 + 3*g**2 - 3*g**m + g**2 - 6*g**2. Give z(1).
-4
Suppose 0*x = -2*x + 50. Let h = x - 10. Let n = -8 + h. Let f(a) = a**3 - 7*a**2 - 2. Calculate f(n).
-2
Suppose -a - 11 = -18. Let h be 2/a*2 - (-198)/(-126). Let b(i) = 18*i**3 - 2*i**2 - 2*i - 1. Calculate b(h).
-19
Let v(d) be the first derivative of -d**2/2 - 12*d - 4. Let x = -60 - -54. Give v(x).
-6
Let g(l) be the third derivative of l**5/60 - 5*l**4/12 + 17*l**3/6 - 114*l**2. What is g(8)?
1
Let i(y) = y**3 + 5*y**2 - 6*y - 5. Let v(t) = -3*t**2 + 6. Let p be v(2). Determine i(p).
-5
Let n(s) be the second derivative of s**5/60 - s**4/3 - 7*s**3/6 - 3*s**2 + 18*s. Let b(d) be the first derivative of n(d). Give b(8).
-7
Suppose -3 = -y, -2*y + 9 = -0*h + h. Let v be h/(3 - 15/10). Let p(q) = -q - 9*q + 5*q + v. Give p(2).
-8
Let g(m) = -m**2 - 7*m - 6. Let c be 3/(-6)*2 + -1. Let o be (-11)/(11/(-6))*(-3 - c). Determine g(o).
0
Let n(f) = -f**2 + 13*f + 5. Let x = -314 - -327. Give n(x).
5
Let a(h) = 2*h + 1. Let c(q) = -2*q**3 + 6*q**2 - 3*q + 5. Let y(u) = -8*u**3 + 23*u**2 - 13*u + 20. Let n(g) = 9*c(g) - 2*y(g). Let p be n(4). Calculate a(p).
3
Let o(f) = 3. Let r(v) = -v - 4 - 4 + 1. Let s(y) = -7*o(y) - 3*r(y). Suppose -3*b + 18 = 21. Determine s(b).
-3
Let m(q) = 0*q**2 - 2*q**2 + 4381*q**3 + 3*q**2 - 8762*q**3 + 4380*q**3 + 7. Determine m(0).
7
Let x(r) be the first derivative of 5 - 5*r - 7/3*r**3 - 1/4*r**4 - 7/2*r**2. Determine x(-6).
1
Let j(h) = -4*h - 1. Let b = 17 - 17. Suppose 3*v - 2*a - 8 = b, -3*v + 6*v - 6 = 3*a. Give j(v).
-17
Let c(d) = 8*d**3 - 5*d**2 - 20*d - 10. Let j(w) = -7*w**3 + 5*w**2 + 17*w + 9. Let h(m) = -6*c(m) - 7*j(m). Determine h(5).
2
Let k(d) = -5*d**3 - 11*d**2 - 5*d + 1. Let h(q) = q**3 + q**2 + q - 1. Let a(b) = 6*h(b) + k(b). Suppose -15*u + 46 + 29 = 0. Give a(u).
0
Let i(h) = -6*h**2 + 2*h + 1. Let s(r) = -r**3 + r + 1. Let n(t) = 12*t**2 - 5*t - 5 + 4*t + 5. Let y(v) = -n(v) - s(v). Let d be y(12). Give i(d).
-7
Let v(f) = -f**3 - 2*f + 3. Let r(m) = m**3 + 12*m**2 + 11*m + 2. Let p be r(-11). Determine v(p).
-9
Let t(y) = y + 2. Suppose 6 = -44*u + 50*u. Let p(q) = q + 5. Let c(k) = u*p(k) - 2*t(k). Determine c(0).
1
Let k(t) = 2*t**2 - 3710 + 3707 + t - 3*t**2. Give k(2).
-5
Let l(t) = -t**3 + t**2 + 2*t + 2. Suppose 4*z = -162 + 154. Calculate l(z).
10
Let w(r) = r**3 + 8*r**2 + r + 7. Let k(x) = 64*x**3 + 3*x**2 + 2*x. Let p be k(-1). Let v = p - -55. What is w(v)?
-1
Let p(f) = -f**3 + 4*f**2 + f + 2. Let h be p(4). Let v(j) be the first derivative of -j**2/2 + 4*j + 6243. Determine v(h).
-2
Let i(v) = v + v - 3 + v + 9. What is i(-5)?
-9
Let m = 197/2 - 98. Let k(n) be the first derivative of 2*n + m*n**2 + 7. Give k(2).
4
Let g(a) be the third derivative of -a**5/60 + a**4/8 - a**3/6 - 10*a**2. Suppose 37*n - 135 = 10*n. Determine g(n).
-11
Let q be 0 + -4 + 2 + 66 + -64. Let a(p) be the second derivative of -1/12*p**4 + 4/3*p**3 - 4*p**2 + p + q. What is a(6)?
4
Let g(a) = 5*a**3 - 2*a**2 + 4*a - 5. Suppose 9*l = 4*l + w + 14, 2*w - 2 = -5*l. Determine g(l).
35
Let b(u) = u**2 - 2*u - 5. Let j be b(4). Let q(g) = 1. Let r(p) = -p + 2. Let f be r(3). Let h(w) = w - 1. Let z(v) = f*h(v) + 6*q(v). What is z(j)?
4
Let m(y) = y**3 + 2*y**2. Let u(g) = -3*g + 14. Let z(q) = -q**3 - 20*q**2 + q + 25. Let v be z(-20). Let w be u(v). Calculate m(w).
1
Suppose -2*y + 6 = -10. Let s(x) = 2*x - 10. Give s(y).
6
Suppose -7 = 2*t - 11. Let n(g) = -156*g - 5 + 161*g + g**t - 3*g**2. Give n(4).
-17
Let m be -3 + (0 - 2/1). Let v = 9 + m. Let q(z) = -5 + v - 2*z + 2*z - 4*z. Calculate q(2).
-9
Let x(v) = v**2 + 12*v - 3. Let i(k) = k**2 + 11*k - 11. Let h be i(-11). Determine x(h).
-14
Let w(l) = -l**3 + l - 2. Let y(z) = 2*z**3 - 3*z**2 - 2*z + 11. Let f(a) = -4*w(a) - y(a). Determine f(-2).
-3
Let